2, 5, 31
What are the prime factors of 298?
2, 149
List the prime factors of 377.
13, 29
What are the prime factors of 1437?
3, 479
What are the prime factors of 619?
619
List the prime factors of 9573.
3, 3191
List the prime factors of 23106.
2, 3, 3851
What are the prime factors of 5233?
5233
List the prime factors of 3800.
2, 5, 19
What are the prime factors of 3999?
3, 31, 43
List the prime factors of 2875.
5, 23
What are the prime factors of 147?
3, 7
What are the prime factors of 2172?
2, 3, 181
What are the prime factors of 3113?
11, 283
What are the prime factors of 13910?
2, 5, 13, 107
What are the prime factors of 8112?
2, 3, 13
What are the prime factors of 89395?
5, 19, 941
What are the prime factors of 901?
17, 53
List the prime factors of 43727.
73, 599
What are the prime factors of 5097?
3, 1699
What are the prime factors of 6157?
47, 131
What are the prime factors of 1249?
1249
What are the prime factors of 1029?
3, 7
List the prime factors of 39406.
2, 17, 19, 61
List the prime factors of 11209.
11, 1019
What are the prime factors of 83032?
2, 97, 107
List the prime factors of 2641.
19, 139
List the prime factors of 304.
2, 19
List the prime factors of 7037.
31, 227
What are the prime factors of 7072?
2, 13, 17
What are the prime factors of 16610?
2, 5, 11, 151
List the prime factors of 1266.
2, 3, 211
List the prime factors of 8782.
2, 4391
List the prime factors of 12561.
3, 53, 79
What are the prime factors of 9544?
2, 1193
What are the prime factors of 9885?
3, 5, 659
What are the prime factors of 19137?
3, 6379
What are the prime factors of 864?
2, 3
What are the prime factors of 3395?
5, 7, 97
What are the prime factors of 17491?
17491
List the prime factors of 50315.
5, 29, 347
What are the prime factors of 9253?
19, 487
List the prime factors of 1057.
7, 151
What are the prime factors of 8510?
2, 5, 23, 37
List the prime factors of 2204.
2, 19, 29
List the prime factors of 2517.
3, 839
What are the prime factors of 48400?
2, 5, 11
What are the prime factors of 7290?
2, 3, 5
What are the prime factors of 1442?
2, 7, 103
List the prime factors of 909.
3, 101
What are the prime factors of 5110?
2, 5, 7, 73
What are the prime factors of 1038?
2, 3, 173
List the prime factors of 4858.
2, 7, 347
What are the prime factors of 279?
3, 31
What are the prime factors of 2110?
2, 5, 211
What are the prime factors of 26715?
3, 5, 13, 137
What are the prime factors of 510?
2, 3, 5, 17
What are the prime factors of 125?
5
List the prime factors of 12996.
2, 3, 19
List the prime factors of 2401.
7
List the prime factors of 400.
2, 5
List the prime factors of 1987.
1987
List the prime factors of 5107.
5107
List the prime factors of 11576.
2, 1447
List the prime factors of 6929.
13, 41
List the prime factors of 135430.
2, 5, 29, 467
List the prime factors of 148561.
7, 19, 1117
What are the prime factors of 24751?
53, 467
List the prime factors of 7593.
3, 2531
What are the prime factors of 42997?
19, 31, 73
What are the prime factors of 57750?
2, 3, 5, 7, 11
What are the prime factors of 40910?
2, 5, 4091
What are the prime factors of 3915?
3, 5, 29
What are the prime factors of 2470?
2, 5, 13, 19
What are the prime factors of 12150?
2, 3, 5
What are the prime factors of 387?
3, 43
List the prime factors of 2543.
2543
List the prime factors of 200334.
2, 3, 173, 193
What are the prime factors of 1171?
1171
What are the prime factors of 32795?
5, 7, 937
What are the prime factors of 1996?
2, 499
What are the prime factors of 45831?
3, 15277
List the prime factors of 19184.
2, 11, 109
What are the prime factors of 6986?
2, 7, 499
What are the prime factors of 61998?
2, 3, 10333
List the prime factors of 32969.
32969
What are the prime factors of 51224?
2, 19, 337
List the prime factors of 178756.
2, 23, 29, 67
What are the prime factors of 103007?
103007
List the prime factors of 35129.
35129
List the prime factors of 438.
2, 3, 73
List the prime factors of 8917.
37, 241
What are the prime factors of 5573?
5573
What are the prime factors of 6213?
3, 19, 109
What are the prime factors of 13962?
2, 3, 13, 179
What are the prime factors of 21429?
3, 2381
List the prime factors of 7927.
7927
List the prime factors of 10856.
2, 23, 59
List the prime factors of 1456.
2, 7, 13
What are the prime factors of 36640?
2, 5, 229
List the prime factors of 36325.
5, 1453
What are the prime factors of 77233?
13, 457
List the prime factors of 90317.
37, 2441
What are the prime factors of 6505?
5, 1301
What are the prime factors of 118001?
13, 29, 313
List the prime factors of 15086.
2, 19, 397
What are the prime factors of 504?
2, 3, 7
What are the prime factors of 29358?
2, 3, 7, 233
List the prime factors of 22707.
3, 29
List the prime factors of 32128.
2, 251
What are the prime factors of 13442?
2, 11, 13, 47
What are the prime factors of 4547?
4547
What are the prime factors of 16855?
5, 3371
What are the prime factors of 2349?
3, 29
What are the prime factors of 1573?
11, 13
What are the prime factors of 1846?
2, 13, 71
List the prime factors of 3416.
2, 7, 61
List the prime factors of 70033.
59, 1187
List the prime factors of 2102.
2, 1051
What are the prime factors of 6456?
2, 3, 269
What are the prime factors of 7369?
7369
What are the prime factors of 1588?
2, 397
List the prime factors of 1058.
2, 23
List the prime factors of 6190.
2, 5, 619
What are the prime factors of 142780?
2, 5, 11, 59
List the prime factors of 4856.
2, 607
List the prime factors of 22064.
2, 7, 197
List the prime factors of 67096.
2, 8387
List the prime factors of 1385.
5, 277
List the prime factors of 338.
2, 13
List the prime factors of 1055.
5, 211
What are the prime factors of 433?
433
What are the prime factors of 2298?
2, 3, 383
What are the prime factors of 3067?
3067
What are the prime factors of 2863?
7, 409
List the prime factors of 2984.
2, 373
What are the prime factors of 35635?
5, 7127
List the prime factors of 26076.
2, 3, 41, 53
List the prime factors of 67984.
2, 7, 607
What are the prime factors of 1092?
2, 3, 7, 13
What are the prime factors of 1122?
2, 3, 11, 17
What are the prime factors of 16327?
29, 563
List the prime factors of 827.
827
List the prime factors of 2842.
2, 7, 29
What are the prime factors of 2542?
2, 31, 41
List the prime factors of 1520.
2, 5, 19
What are the prime factors of 110910?
2, 3, 5, 3697
List the prime factors of 366.
2, 3, 61
What are the prime factors of 18448?
2, 1153
List the prime factors of 48524.
2, 7, 1733
What are the prime factors of 435?
3, 5, 29
List the prime factors of 7407.
3, 823
List the prime factors of 120465.
3, 5, 2677
What are the prime factors of 302?
2, 151
List the prime factors of 2261.
7, 17, 19
What are the prime factors of 1918?
2, 7, 137
List the prime factors of 3503.
31, 113
What are the prime factors of 11030?
2, 5, 1103
List the prime factors of 69896.
2, 8737
List the prime factors of 3494.
2, 1747
List the prime factors of 23747.
23747
List the prime factors of 150879.
3, 19, 2647
What are the prime factors of 35451?
3, 13, 101
What are the prime factors of 595?
5, 7, 17
List the prime factors of 3703.
7, 23
What are the prime factors of 2065?
5, 7, 59
List the prime factors of 1053.
3, 13
What are the prime factors of 8197?
7, 1171
List the prime factors of 9118.
2, 47, 97
List the prime factors of 376.
2, 47
List the prime factors of 1480.
2, 5, 37
List the prime factors of 95.
5, 19
What are the prime factors of 89381?
89381
List the prime factors of 29504.
2, 461
List the prime factors of 15848.
2, 7, 283
What are the prime factors of 1574?
2, 787
What are the prime factors of 32253?
3, 13, 827
List the prime factors of 9450.
2, 3, 5, 7
What are the prime factors of 2371?
2371
What are the prime factors of 15480?
2, 3, 5, 43
What are the prime factors of 25934?
2, 12967
What are the prime factors of 2787?
3, 929
List the prime factors of 7823.
7823
What are the prime factors of 32156?
2, 8039
What are the prime factors of 3847?
3847
What are the prime factors of 5885?
5, 11, 107
What are the prime factors of 23734?
2, 11867
What are the prime factors of 18937?
29, 653
List the prime factors of 4091.
4091
What are the prime factors of 133283?
133283
What are the prime factors of